ime factors of 7184.
2, 449
List the prime factors of 19016.
2, 2377
List the prime factors of 796.
2, 199
What are the prime factors of 4212?
2, 3, 13
List the prime factors of 3610.
2, 5, 19
List the prime factors of 96611.
17, 5683
List the prime factors of 24423.
3, 7, 1163
What are the prime factors of 4448?
2, 139
List the prime factors of 7555.
5, 1511
What are the prime factors of 154?
2, 7, 11
List the prime factors of 1344.
2, 3, 7
What are the prime factors of 51675?
3, 5, 13, 53
What are the prime factors of 1368?
2, 3, 19
List the prime factors of 762.
2, 3, 127
What are the prime factors of 9447?
3, 47, 67
What are the prime factors of 15249?
3, 13, 17, 23
List the prime factors of 5659.
5659
What are the prime factors of 5200?
2, 5, 13
List the prime factors of 4153.
4153
What are the prime factors of 1548?
2, 3, 43
What are the prime factors of 43486?
2, 17, 1279
List the prime factors of 7253.
7253
List the prime factors of 2884.
2, 7, 103
What are the prime factors of 37777?
37, 1021
List the prime factors of 21942.
2, 3, 23, 53
List the prime factors of 9409.
97
What are the prime factors of 208?
2, 13
What are the prime factors of 409?
409
What are the prime factors of 6710?
2, 5, 11, 61
List the prime factors of 16003.
13, 1231
What are the prime factors of 176?
2, 11
List the prime factors of 833.
7, 17
What are the prime factors of 976?
2, 61
List the prime factors of 4674.
2, 3, 19, 41
List the prime factors of 17310.
2, 3, 5, 577
What are the prime factors of 866?
2, 433
List the prime factors of 379.
379
What are the prime factors of 24759?
3, 7, 131
List the prime factors of 53543.
7, 7649
What are the prime factors of 5058?
2, 3, 281
List the prime factors of 50458.
2, 25229
What are the prime factors of 57553?
67, 859
What are the prime factors of 72755?
5, 14551
What are the prime factors of 3707?
11, 337
What are the prime factors of 5053?
31, 163
What are the prime factors of 18876?
2, 3, 11, 13
List the prime factors of 23108.
2, 53, 109
What are the prime factors of 295?
5, 59
What are the prime factors of 587?
587
What are the prime factors of 15962?
2, 23, 347
List the prime factors of 6142.
2, 37, 83
What are the prime factors of 164102?
2, 82051
What are the prime factors of 3830?
2, 5, 383
What are the prime factors of 492?
2, 3, 41
What are the prime factors of 4267?
17, 251
List the prime factors of 188249.
188249
List the prime factors of 3140.
2, 5, 157
List the prime factors of 70313.
70313
What are the prime factors of 5968?
2, 373
What are the prime factors of 473?
11, 43
What are the prime factors of 5311?
47, 113
What are the prime factors of 239?
239
List the prime factors of 10027.
37, 271
What are the prime factors of 31843?
7, 4549
List the prime factors of 20171.
23, 877
List the prime factors of 1972.
2, 17, 29
What are the prime factors of 8936?
2, 1117
List the prime factors of 804.
2, 3, 67
What are the prime factors of 735?
3, 5, 7
List the prime factors of 1377.
3, 17
List the prime factors of 626.
2, 313
What are the prime factors of 120864?
2, 3, 1259
List the prime factors of 2726.
2, 29, 47
List the prime factors of 10372.
2, 2593
List the prime factors of 12573.
3, 11, 127
List the prime factors of 4515.
3, 5, 7, 43
List the prime factors of 16473.
3, 17, 19
List the prime factors of 696.
2, 3, 29
List the prime factors of 1166.
2, 11, 53
List the prime factors of 7811.
73, 107
What are the prime factors of 379?
379
What are the prime factors of 76822?
2, 71, 541
List the prime factors of 30543.
3, 10181
What are the prime factors of 1102?
2, 19, 29
List the prime factors of 6013.
7, 859
List the prime factors of 66242.
2, 11, 3011
What are the prime factors of 5787?
3, 643
List the prime factors of 8760.
2, 3, 5, 73
List the prime factors of 376.
2, 47
List the prime factors of 11057.
11057
List the prime factors of 10.
2, 5
What are the prime factors of 29443?
29443
What are the prime factors of 33935?
5, 11, 617
What are the prime factors of 11611?
17, 683
List the prime factors of 5956.
2, 1489
What are the prime factors of 13485?
3, 5, 29, 31
What are the prime factors of 1221?
3, 11, 37
List the prime factors of 820.
2, 5, 41
What are the prime factors of 7137?
3, 13, 61
List the prime factors of 2748.
2, 3, 229
List the prime factors of 130637.
13, 773
List the prime factors of 24000.
2, 3, 5
What are the prime factors of 12301?
12301
List the prime factors of 2248.
2, 281
What are the prime factors of 1684?
2, 421
What are the prime factors of 880?
2, 5, 11
What are the prime factors of 9166?
2, 4583
List the prime factors of 4247.
31, 137
What are the prime factors of 1068?
2, 3, 89
List the prime factors of 70024.
2, 8753
List the prime factors of 4258.
2, 2129
What are the prime factors of 2096?
2, 131
What are the prime factors of 2955?
3, 5, 197
What are the prime factors of 62680?
2, 5, 1567
List the prime factors of 168.
2, 3, 7
What are the prime factors of 33308?
2, 11, 757
What are the prime factors of 2216?
2, 277
List the prime factors of 1720.
2, 5, 43
List the prime factors of 3132.
2, 3, 29
List the prime factors of 99265.
5, 19853
List the prime factors of 15931.
89, 179
What are the prime factors of 45910?
2, 5, 4591
What are the prime factors of 981?
3, 109
List the prime factors of 17943.
3, 5981
What are the prime factors of 17399?
127, 137
What are the prime factors of 277?
277
List the prime factors of 4144.
2, 7, 37
List the prime factors of 7800.
2, 3, 5, 13
What are the prime factors of 2570?
2, 5, 257
List the prime factors of 15392.
2, 13, 37
List the prime factors of 81299.
81299
What are the prime factors of 2092?
2, 523
What are the prime factors of 2669?
17, 157
List the prime factors of 29412.
2, 3, 19, 43
What are the prime factors of 1111?
11, 101
What are the prime factors of 8800?
2, 5, 11
What are the prime factors of 3945?
3, 5, 263
What are the prime factors of 458?
2, 229
What are the prime factors of 41531?
7, 17, 349
List the prime factors of 3097.
19, 163
What are the prime factors of 47895?
3, 5, 31, 103
List the prime factors of 4975.
5, 199
List the prime factors of 7285.
5, 31, 47
List the prime factors of 568.
2, 71
What are the prime factors of 38809?
197
List the prime factors of 2965.
5, 593
List the prime factors of 20254.
2, 13, 19, 41
List the prime factors of 2411.
2411
List the prime factors of 74.
2, 37
What are the prime factors of 75801?
3, 11, 2297
What are the prime factors of 511?
7, 73
What are the prime factors of 1790?
2, 5, 179
List the prime factors of 2926.
2, 7, 11, 19
What are the prime factors of 11298?
2, 3, 7, 269
List the prime factors of 4915.
5, 983
What are the prime factors of 488?
2, 61
List the prime factors of 1350.
2, 3, 5
List the prime factors of 43032.
2, 3, 11, 163
What are the prime factors of 2330?
2, 5, 233
List the prime factors of 174965.
5, 7, 4999
What are the prime factors of 217?
7, 31
What are the prime factors of 10657?
10657
What are the prime factors of 15150?
2, 3, 5, 101
List the prime factors of 844.
2, 211
What are the prime factors of 5263?
19, 277
What are the prime factors of 16450?
2, 5, 7, 47
List the prime factors of 8206.
2, 11, 373
What are the prime factors of 12204?
2, 3, 113
List the prime factors of 8948.
2, 2237
What are the prime factors of 477?
3, 53
What are the prime factors of 2743?
13, 211
List the prime factors of 4726.
2, 17, 139
What are the prime factors of 9118?
2, 47, 97
What are the prime factors of 977?
977
What are the prime factors of 8062?
2, 29, 139
List the prime factors of 2698.
2, 19, 71
List the prime factors of 19398.
2, 3, 53, 61
What are the prime factors of 15483?
3, 13, 397
What are the prime factors of 3025?
5, 11
What are the prime factors of 53635?
5, 17, 631
What are the prime factors of 8958?
2, 3, 1493
What are the prime factors of 21344?
2, 23, 29
What are the prime factors of 733?
733
List the prime factors of 28876.
2, 7219
What are the prime factors of 405?
3, 5
What are the prime factors of 5160?
2, 3, 5, 43
What are the prime factors of 404?
2, 101
List the prime factors of 9388.
2, 2347
What are the prime factors of 929?
929
What are the prime factors of 11177?
11177
What are the prime factors of 1781?
13, 137
What